{"id":7973,"date":"2024-07-11T14:41:36","date_gmt":"2024-07-11T14:41:36","guid":{"rendered":"https:\/\/metrecubic.com\/servicios-especiales\/location-de-plate-forme-elevatrice\/"},"modified":"2025-06-13T09:36:44","modified_gmt":"2025-06-13T09:36:44","slug":"location-de-plate-forme-elevatrice","status":"publish","type":"special-service","link":"https:\/\/metrecubic.com\/fr\/services-speciaux\/location-de-plate-forme-elevatrice\/","title":{"rendered":"Location de plate-forme \u00e9l\u00e9vatrice"},"content":{"rendered":"","protected":false},"excerpt":{"rendered":"<p>Id\u00e9al pour les maisons sans ascenseur ou avec de petits ascenseurs et\/ou des escaliers \u00e9troits.<br \/>\nHautement recommand\u00e9 pour les professionnels de la construction, les installateurs, les charpentiers, les vitriers qui ont besoin de monter\/descendre des mat\u00e9riaux lourds et\/ou encombrants.<\/p>\n","protected":false},"featured_media":3612,"template":"","class_list":["post-7973","special-service","type-special-service","status-publish","has-post-thumbnail","hentry"],"acf":[],"yoast_head":"<!-- This site is optimized with the Yoast SEO plugin v27.4 - https:\/\/yoast.com\/product\/yoast-seo-wordpress\/ -->\n<title>Location de monte-charge - METRECUBIC<\/title>\n<meta name=\"description\" content=\"Service de monte-charge avec op\u00e9rateur. Id\u00e9al pour les entreprises d&#039;installation et de construction pour faire monter ou descendre des mat\u00e9riaux ou des machines Renseignez-vous !\" \/>\n<meta name=\"robots\" content=\"index, follow, max-snippet:-1, max-image-preview:large, max-video-preview:-1\" \/>\n<link rel=\"canonical\" href=\"https:\/\/metrecubic.com\/fr\/services-speciaux\/location-de-plate-forme-elevatrice\/\" \/>\n<meta property=\"og:locale\" content=\"fr_FR\" \/>\n<meta property=\"og:type\" content=\"article\" \/>\n<meta property=\"og:title\" content=\"Location de monte-charge - METRECUBIC\" \/>\n<meta property=\"og:description\" content=\"Service de monte-charge avec op\u00e9rateur. Id\u00e9al pour les entreprises d&#039;installation et de construction pour faire monter ou descendre des mat\u00e9riaux ou des machines Renseignez-vous !\" \/>\n<meta property=\"og:url\" content=\"https:\/\/metrecubic.com\/fr\/services-speciaux\/location-de-plate-forme-elevatrice\/\" \/>\n<meta property=\"og:site_name\" content=\"METRECUBIC\" \/>\n<meta property=\"article:modified_time\" content=\"2025-06-13T09:36:44+00:00\" \/>\n<meta property=\"og:image\" content=\"https:\/\/metrecubic.com\/wp-content\/uploads\/servicio-elevador.jpg\" \/>\n\t<meta property=\"og:image:width\" content=\"1920\" \/>\n\t<meta property=\"og:image:height\" content=\"550\" \/>\n\t<meta property=\"og:image:type\" content=\"image\/jpeg\" \/>\n<meta name=\"twitter:card\" content=\"summary_large_image\" \/>\n<script type=\"application\/ld+json\" class=\"yoast-schema-graph\">{\"@context\":\"https:\\\/\\\/schema.org\",\"@graph\":[{\"@type\":\"WebPage\",\"@id\":\"https:\\\/\\\/metrecubic.com\\\/fr\\\/services-speciaux\\\/location-de-plate-forme-elevatrice\\\/\",\"url\":\"https:\\\/\\\/metrecubic.com\\\/fr\\\/services-speciaux\\\/location-de-plate-forme-elevatrice\\\/\",\"name\":\"Location de monte-charge - METRECUBIC\",\"isPartOf\":{\"@id\":\"https:\\\/\\\/metrecubic.com\\\/fr\\\/#website\"},\"primaryImageOfPage\":{\"@id\":\"https:\\\/\\\/metrecubic.com\\\/fr\\\/services-speciaux\\\/location-de-plate-forme-elevatrice\\\/#primaryimage\"},\"image\":{\"@id\":\"https:\\\/\\\/metrecubic.com\\\/fr\\\/services-speciaux\\\/location-de-plate-forme-elevatrice\\\/#primaryimage\"},\"thumbnailUrl\":\"https:\\\/\\\/metrecubic.com\\\/wp-content\\\/uploads\\\/servicio-elevador.jpg\",\"datePublished\":\"2024-07-11T14:41:36+00:00\",\"dateModified\":\"2025-06-13T09:36:44+00:00\",\"description\":\"Service de monte-charge avec op\u00e9rateur. Id\u00e9al pour les entreprises d'installation et de construction pour faire monter ou descendre des mat\u00e9riaux ou des machines Renseignez-vous !\",\"breadcrumb\":{\"@id\":\"https:\\\/\\\/metrecubic.com\\\/fr\\\/services-speciaux\\\/location-de-plate-forme-elevatrice\\\/#breadcrumb\"},\"inLanguage\":\"fr-FR\",\"potentialAction\":[{\"@type\":\"ReadAction\",\"target\":[\"https:\\\/\\\/metrecubic.com\\\/fr\\\/services-speciaux\\\/location-de-plate-forme-elevatrice\\\/\"]}]},{\"@type\":\"ImageObject\",\"inLanguage\":\"fr-FR\",\"@id\":\"https:\\\/\\\/metrecubic.com\\\/fr\\\/services-speciaux\\\/location-de-plate-forme-elevatrice\\\/#primaryimage\",\"url\":\"https:\\\/\\\/metrecubic.com\\\/wp-content\\\/uploads\\\/servicio-elevador.jpg\",\"contentUrl\":\"https:\\\/\\\/metrecubic.com\\\/wp-content\\\/uploads\\\/servicio-elevador.jpg\",\"width\":1920,\"height\":550},{\"@type\":\"BreadcrumbList\",\"@id\":\"https:\\\/\\\/metrecubic.com\\\/fr\\\/services-speciaux\\\/location-de-plate-forme-elevatrice\\\/#breadcrumb\",\"itemListElement\":[{\"@type\":\"ListItem\",\"position\":1,\"name\":\"Portada\",\"item\":\"https:\\\/\\\/metrecubic.com\\\/fr\\\/\"},{\"@type\":\"ListItem\",\"position\":2,\"name\":\"Location de plate-forme \u00e9l\u00e9vatrice\"}]},{\"@type\":\"WebSite\",\"@id\":\"https:\\\/\\\/metrecubic.com\\\/fr\\\/#website\",\"url\":\"https:\\\/\\\/metrecubic.com\\\/fr\\\/\",\"name\":\"METRECUBIC\",\"description\":\"Mudanzas y trasteros Sabadell y Girona\",\"publisher\":{\"@id\":\"https:\\\/\\\/metrecubic.com\\\/fr\\\/#organization\"},\"potentialAction\":[{\"@type\":\"SearchAction\",\"target\":{\"@type\":\"EntryPoint\",\"urlTemplate\":\"https:\\\/\\\/metrecubic.com\\\/fr\\\/?s={search_term_string}\"},\"query-input\":{\"@type\":\"PropertyValueSpecification\",\"valueRequired\":true,\"valueName\":\"search_term_string\"}}],\"inLanguage\":\"fr-FR\"},{\"@type\":\"Organization\",\"@id\":\"https:\\\/\\\/metrecubic.com\\\/fr\\\/#organization\",\"name\":\"METRECUBIC\",\"url\":\"https:\\\/\\\/metrecubic.com\\\/fr\\\/\",\"logo\":{\"@type\":\"ImageObject\",\"inLanguage\":\"fr-FR\",\"@id\":\"https:\\\/\\\/metrecubic.com\\\/fr\\\/#\\\/schema\\\/logo\\\/image\\\/\",\"url\":\"https:\\\/\\\/metrecubic.com\\\/wp-content\\\/uploads\\\/logo-metrecubic.png\",\"contentUrl\":\"https:\\\/\\\/metrecubic.com\\\/wp-content\\\/uploads\\\/logo-metrecubic.png\",\"width\":159,\"height\":159,\"caption\":\"METRECUBIC\"},\"image\":{\"@id\":\"https:\\\/\\\/metrecubic.com\\\/fr\\\/#\\\/schema\\\/logo\\\/image\\\/\"}}]}<\/script>\n<!-- \/ Yoast SEO plugin. -->","yoast_head_json":{"title":"Location de monte-charge - METRECUBIC","description":"Service de monte-charge avec op\u00e9rateur. Id\u00e9al pour les entreprises d'installation et de construction pour faire monter ou descendre des mat\u00e9riaux ou des machines Renseignez-vous !","robots":{"index":"index","follow":"follow","max-snippet":"max-snippet:-1","max-image-preview":"max-image-preview:large","max-video-preview":"max-video-preview:-1"},"canonical":"https:\/\/metrecubic.com\/fr\/services-speciaux\/location-de-plate-forme-elevatrice\/","og_locale":"fr_FR","og_type":"article","og_title":"Location de monte-charge - METRECUBIC","og_description":"Service de monte-charge avec op\u00e9rateur. Id\u00e9al pour les entreprises d'installation et de construction pour faire monter ou descendre des mat\u00e9riaux ou des machines Renseignez-vous !","og_url":"https:\/\/metrecubic.com\/fr\/services-speciaux\/location-de-plate-forme-elevatrice\/","og_site_name":"METRECUBIC","article_modified_time":"2025-06-13T09:36:44+00:00","og_image":[{"width":1920,"height":550,"url":"https:\/\/metrecubic.com\/wp-content\/uploads\/servicio-elevador.jpg","type":"image\/jpeg"}],"twitter_card":"summary_large_image","schema":{"@context":"https:\/\/schema.org","@graph":[{"@type":"WebPage","@id":"https:\/\/metrecubic.com\/fr\/services-speciaux\/location-de-plate-forme-elevatrice\/","url":"https:\/\/metrecubic.com\/fr\/services-speciaux\/location-de-plate-forme-elevatrice\/","name":"Location de monte-charge - METRECUBIC","isPartOf":{"@id":"https:\/\/metrecubic.com\/fr\/#website"},"primaryImageOfPage":{"@id":"https:\/\/metrecubic.com\/fr\/services-speciaux\/location-de-plate-forme-elevatrice\/#primaryimage"},"image":{"@id":"https:\/\/metrecubic.com\/fr\/services-speciaux\/location-de-plate-forme-elevatrice\/#primaryimage"},"thumbnailUrl":"https:\/\/metrecubic.com\/wp-content\/uploads\/servicio-elevador.jpg","datePublished":"2024-07-11T14:41:36+00:00","dateModified":"2025-06-13T09:36:44+00:00","description":"Service de monte-charge avec op\u00e9rateur. Id\u00e9al pour les entreprises d'installation et de construction pour faire monter ou descendre des mat\u00e9riaux ou des machines Renseignez-vous !","breadcrumb":{"@id":"https:\/\/metrecubic.com\/fr\/services-speciaux\/location-de-plate-forme-elevatrice\/#breadcrumb"},"inLanguage":"fr-FR","potentialAction":[{"@type":"ReadAction","target":["https:\/\/metrecubic.com\/fr\/services-speciaux\/location-de-plate-forme-elevatrice\/"]}]},{"@type":"ImageObject","inLanguage":"fr-FR","@id":"https:\/\/metrecubic.com\/fr\/services-speciaux\/location-de-plate-forme-elevatrice\/#primaryimage","url":"https:\/\/metrecubic.com\/wp-content\/uploads\/servicio-elevador.jpg","contentUrl":"https:\/\/metrecubic.com\/wp-content\/uploads\/servicio-elevador.jpg","width":1920,"height":550},{"@type":"BreadcrumbList","@id":"https:\/\/metrecubic.com\/fr\/services-speciaux\/location-de-plate-forme-elevatrice\/#breadcrumb","itemListElement":[{"@type":"ListItem","position":1,"name":"Portada","item":"https:\/\/metrecubic.com\/fr\/"},{"@type":"ListItem","position":2,"name":"Location de plate-forme \u00e9l\u00e9vatrice"}]},{"@type":"WebSite","@id":"https:\/\/metrecubic.com\/fr\/#website","url":"https:\/\/metrecubic.com\/fr\/","name":"METRECUBIC","description":"Mudanzas y trasteros Sabadell y Girona","publisher":{"@id":"https:\/\/metrecubic.com\/fr\/#organization"},"potentialAction":[{"@type":"SearchAction","target":{"@type":"EntryPoint","urlTemplate":"https:\/\/metrecubic.com\/fr\/?s={search_term_string}"},"query-input":{"@type":"PropertyValueSpecification","valueRequired":true,"valueName":"search_term_string"}}],"inLanguage":"fr-FR"},{"@type":"Organization","@id":"https:\/\/metrecubic.com\/fr\/#organization","name":"METRECUBIC","url":"https:\/\/metrecubic.com\/fr\/","logo":{"@type":"ImageObject","inLanguage":"fr-FR","@id":"https:\/\/metrecubic.com\/fr\/#\/schema\/logo\/image\/","url":"https:\/\/metrecubic.com\/wp-content\/uploads\/logo-metrecubic.png","contentUrl":"https:\/\/metrecubic.com\/wp-content\/uploads\/logo-metrecubic.png","width":159,"height":159,"caption":"METRECUBIC"},"image":{"@id":"https:\/\/metrecubic.com\/fr\/#\/schema\/logo\/image\/"}}]}},"_links":{"self":[{"href":"https:\/\/metrecubic.com\/fr\/wp-json\/wp\/v2\/special-service\/7973","targetHints":{"allow":["GET"]}}],"collection":[{"href":"https:\/\/metrecubic.com\/fr\/wp-json\/wp\/v2\/special-service"}],"about":[{"href":"https:\/\/metrecubic.com\/fr\/wp-json\/wp\/v2\/types\/special-service"}],"version-history":[{"count":1,"href":"https:\/\/metrecubic.com\/fr\/wp-json\/wp\/v2\/special-service\/7973\/revisions"}],"predecessor-version":[{"id":7978,"href":"https:\/\/metrecubic.com\/fr\/wp-json\/wp\/v2\/special-service\/7973\/revisions\/7978"}],"wp:featuredmedia":[{"embeddable":true,"href":"https:\/\/metrecubic.com\/fr\/wp-json\/wp\/v2\/media\/3612"}],"wp:attachment":[{"href":"https:\/\/metrecubic.com\/fr\/wp-json\/wp\/v2\/media?parent=7973"}],"curies":[{"name":"wp","href":"https:\/\/api.w.org\/{rel}","templated":true}]}}

Location de plate-forme élévatrice

<p>Idéal pour les maisons sans ascenseur ou avec de petits ascenseurs et/ou des escaliers étroits.<br />
Hautement recommandé pour les professionnels de la construction, les installateurs, les charpentiers, les vitriers qui ont besoin de monter/descendre des matériaux lourds et/ou encombrants.</p>

<!-- This site is optimized with the Yoast SEO plugin v27.4 - https://yoast.com/product/yoast-seo-wordpress/ -->
<title>Location de monte-charge - METRECUBIC</title>
<meta name="description" content="Service de monte-charge avec opérateur. Idéal pour les entreprises d&#039;installation et de construction pour faire monter ou descendre des matériaux ou des machines Renseignez-vous !" />
<meta name="robots" content="index, follow, max-snippet:-1, max-image-preview:large, max-video-preview:-1" />
<link rel="canonical" href="https://metrecubic.com/fr/services-speciaux/location-de-plate-forme-elevatrice/" />
<meta property="og:locale" content="fr_FR" />
<meta property="og:type" content="article" />
<meta property="og:title" content="Location de monte-charge - METRECUBIC" />
<meta property="og:description" content="Service de monte-charge avec opérateur. Idéal pour les entreprises d&#039;installation et de construction pour faire monter ou descendre des matériaux ou des machines Renseignez-vous !" />
<meta property="og:url" content="https://metrecubic.com/fr/services-speciaux/location-de-plate-forme-elevatrice/" />
<meta property="og:site_name" content="METRECUBIC" />
<meta property="article:modified_time" content="2025-06-13T09:36:44+00:00" />
<meta property="og:image" content="https://metrecubic.com/wp-content/uploads/servicio-elevador.jpg" />
	<meta property="og:image:width" content="1920" />
	<meta property="og:image:height" content="550" />
	<meta property="og:image:type" content="image/jpeg" />
<meta name="twitter:card" content="summary_large_image" />
<script type="application/ld+json" class="yoast-schema-graph">{"@context":"https:\/\/schema.org","@graph":[{"@type":"WebPage","@id":"https:\/\/metrecubic.com\/fr\/services-speciaux\/location-de-plate-forme-elevatrice\/","url":"https:\/\/metrecubic.com\/fr\/services-speciaux\/location-de-plate-forme-elevatrice\/","name":"Location de monte-charge - METRECUBIC","isPartOf":{"@id":"https:\/\/metrecubic.com\/fr\/#website"},"primaryImageOfPage":{"@id":"https:\/\/metrecubic.com\/fr\/services-speciaux\/location-de-plate-forme-elevatrice\/#primaryimage"},"image":{"@id":"https:\/\/metrecubic.com\/fr\/services-speciaux\/location-de-plate-forme-elevatrice\/#primaryimage"},"thumbnailUrl":"https:\/\/metrecubic.com\/wp-content\/uploads\/servicio-elevador.jpg","datePublished":"2024-07-11T14:41:36+00:00","dateModified":"2025-06-13T09:36:44+00:00","description":"Service de monte-charge avec opérateur. Idéal pour les entreprises d'installation et de construction pour faire monter ou descendre des matériaux ou des machines Renseignez-vous !","breadcrumb":{"@id":"https:\/\/metrecubic.com\/fr\/services-speciaux\/location-de-plate-forme-elevatrice\/#breadcrumb"},"inLanguage":"fr-FR","potentialAction":[{"@type":"ReadAction","target":["https:\/\/metrecubic.com\/fr\/services-speciaux\/location-de-plate-forme-elevatrice\/"]}]},{"@type":"ImageObject","inLanguage":"fr-FR","@id":"https:\/\/metrecubic.com\/fr\/services-speciaux\/location-de-plate-forme-elevatrice\/#primaryimage","url":"https:\/\/metrecubic.com\/wp-content\/uploads\/servicio-elevador.jpg","contentUrl":"https:\/\/metrecubic.com\/wp-content\/uploads\/servicio-elevador.jpg","width":1920,"height":550},{"@type":"BreadcrumbList","@id":"https:\/\/metrecubic.com\/fr\/services-speciaux\/location-de-plate-forme-elevatrice\/#breadcrumb","itemListElement":[{"@type":"ListItem","position":1,"name":"Portada","item":"https:\/\/metrecubic.com\/fr\/"},{"@type":"ListItem","position":2,"name":"Location de plate-forme élévatrice"}]},{"@type":"WebSite","@id":"https:\/\/metrecubic.com\/fr\/#website","url":"https:\/\/metrecubic.com\/fr\/","name":"METRECUBIC","description":"Mudanzas y trasteros Sabadell y Girona","publisher":{"@id":"https:\/\/metrecubic.com\/fr\/#organization"},"potentialAction":[{"@type":"SearchAction","target":{"@type":"EntryPoint","urlTemplate":"https:\/\/metrecubic.com\/fr\/?s={search_term_string}"},"query-input":{"@type":"PropertyValueSpecification","valueRequired":true,"valueName":"search_term_string"}}],"inLanguage":"fr-FR"},{"@type":"Organization","@id":"https:\/\/metrecubic.com\/fr\/#organization","name":"METRECUBIC","url":"https:\/\/metrecubic.com\/fr\/","logo":{"@type":"ImageObject","inLanguage":"fr-FR","@id":"https:\/\/metrecubic.com\/fr\/#\/schema\/logo\/image\/","url":"https:\/\/metrecubic.com\/wp-content\/uploads\/logo-metrecubic.png","contentUrl":"https:\/\/metrecubic.com\/wp-content\/uploads\/logo-metrecubic.png","width":159,"height":159,"caption":"METRECUBIC"},"image":{"@id":"https:\/\/metrecubic.com\/fr\/#\/schema\/logo\/image\/"}}]}</script>
<!-- / Yoast SEO plugin. -->

Service de monte-charge avec opérateur. Idéal pour les entreprises d'installation et de construction pour faire monter ou descendre des matériaux ou des machines Renseignez-vous !
