{"id":2301,"date":"2024-07-11T10:47:07","date_gmt":"2024-07-11T10:47:07","guid":{"rendered":"https:\/\/metrecubic.com\/servicio-complementario\/ascenseur\/"},"modified":"2024-07-17T15:03:11","modified_gmt":"2024-07-17T15:03:11","slug":"ascenseur","status":"publish","type":"complement_service","link":"https:\/\/metrecubic.com\/fr\/service-complementaire\/ascenseur\/","title":{"rendered":"Ascenseur"},"content":{"rendered":"\n<p>Lorem ipsum dolor sit amet, consectetur adipiscing elit. Nulla aliquam eros quis ex maximus mollis. Sed rhoncus, dolor eu vulputate cursus, lorem sem pretium velit, quis fermentum justo ura nec nulla. Morbi eget efficitur justo.<\/p>\n\n<p>Cras condimentum mauris vel dui bibendum feugiat. Aenean sapien sem, blandit non fermentum at, pellentesque sit amet purus. Pellentesque sodales tincidunt malesuada. Nulla vel hendrerit diam.<\/p>\n\n<p>Mauris vitae magna nulla.<br\/>In mattis magna et vestibulum pharetra. Nam in augue et tortor viverra ultricies in vel nibh. Phasellus condimentum consequat purus et gravida. In aliquet finibus finibus odio, vitae pellentesque dolor convallis sit amet. Maecenas id semper nunc, nec ultricies ante. Praesent ac urna et arcu vehicula porta. Donec accumsan eros felis, facilisis vehicula lacus bibendum ac. Ut at nunc eget nibh euismod congue a id sapien. Nam diam metus, lobortis vel fermentum bibendum, aliquet a mi. Aliquam sed ex libero. Aliquam aliquet venenatis erat ut mattis.<\/p>\n","protected":false},"excerpt":{"rendered":"<p>Service de monte-meubles jusqu&rsquo;au 8\u00e8me \u00e9tage pour travailler rapidement et en toute s\u00e9curit\u00e9 pour vos biens et nos op\u00e9rateurs. Avec des v\u00e9hicules de 10, 20 et 50 m3<\/p>\n","protected":false},"featured_media":1476,"template":"","class_list":["post-2301","complement_service","type-complement_service","status-publish","has-post-thumbnail","hentry"],"acf":[],"yoast_head":"<!-- This site is optimized with the Yoast SEO plugin v27.4 - https:\/\/yoast.com\/product\/yoast-seo-wordpress\/ -->\n<title>Ascenseur - METRECUBIC<\/title>\n<meta name=\"robots\" content=\"index, follow, max-snippet:-1, max-image-preview:large, max-video-preview:-1\" \/>\n<link rel=\"canonical\" href=\"https:\/\/metrecubic.com\/fr\/service-complementaire\/ascenseur\/\" \/>\n<meta property=\"og:locale\" content=\"fr_FR\" \/>\n<meta property=\"og:type\" content=\"article\" \/>\n<meta property=\"og:title\" content=\"Ascenseur - METRECUBIC\" \/>\n<meta property=\"og:description\" content=\"Service de monte-meubles jusqu&#039;au 8\u00e8me \u00e9tage pour travailler rapidement et en toute s\u00e9curit\u00e9 pour vos biens et nos op\u00e9rateurs. Avec des v\u00e9hicules de 10, 20 et 50 m3\" \/>\n<meta property=\"og:url\" content=\"https:\/\/metrecubic.com\/fr\/service-complementaire\/ascenseur\/\" \/>\n<meta property=\"og:site_name\" content=\"METRECUBIC\" \/>\n<meta property=\"article:modified_time\" content=\"2024-07-17T15:03:11+00:00\" \/>\n<meta property=\"og:image\" content=\"https:\/\/metrecubic.com\/wp-content\/uploads\/dummy-quadrat.png\" \/>\n\t<meta property=\"og:image:width\" content=\"800\" \/>\n\t<meta property=\"og:image:height\" content=\"800\" \/>\n\t<meta property=\"og:image:type\" content=\"image\/png\" \/>\n<meta name=\"twitter:card\" content=\"summary_large_image\" \/>\n<meta name=\"twitter:label1\" content=\"Dur\u00e9e de lecture estim\u00e9e\" \/>\n\t<meta name=\"twitter:data1\" content=\"1 minute\" \/>\n<script type=\"application\/ld+json\" class=\"yoast-schema-graph\">{\"@context\":\"https:\\\/\\\/schema.org\",\"@graph\":[{\"@type\":\"WebPage\",\"@id\":\"https:\\\/\\\/metrecubic.com\\\/fr\\\/service-complementaire\\\/ascenseur\\\/\",\"url\":\"https:\\\/\\\/metrecubic.com\\\/fr\\\/service-complementaire\\\/ascenseur\\\/\",\"name\":\"Ascenseur - METRECUBIC\",\"isPartOf\":{\"@id\":\"https:\\\/\\\/metrecubic.com\\\/fr\\\/#website\"},\"primaryImageOfPage\":{\"@id\":\"https:\\\/\\\/metrecubic.com\\\/fr\\\/service-complementaire\\\/ascenseur\\\/#primaryimage\"},\"image\":{\"@id\":\"https:\\\/\\\/metrecubic.com\\\/fr\\\/service-complementaire\\\/ascenseur\\\/#primaryimage\"},\"thumbnailUrl\":\"https:\\\/\\\/metrecubic.com\\\/wp-content\\\/uploads\\\/dummy-quadrat.png\",\"datePublished\":\"2024-07-11T10:47:07+00:00\",\"dateModified\":\"2024-07-17T15:03:11+00:00\",\"breadcrumb\":{\"@id\":\"https:\\\/\\\/metrecubic.com\\\/fr\\\/service-complementaire\\\/ascenseur\\\/#breadcrumb\"},\"inLanguage\":\"fr-FR\",\"potentialAction\":[{\"@type\":\"ReadAction\",\"target\":[\"https:\\\/\\\/metrecubic.com\\\/fr\\\/service-complementaire\\\/ascenseur\\\/\"]}]},{\"@type\":\"ImageObject\",\"inLanguage\":\"fr-FR\",\"@id\":\"https:\\\/\\\/metrecubic.com\\\/fr\\\/service-complementaire\\\/ascenseur\\\/#primaryimage\",\"url\":\"https:\\\/\\\/metrecubic.com\\\/wp-content\\\/uploads\\\/dummy-quadrat.png\",\"contentUrl\":\"https:\\\/\\\/metrecubic.com\\\/wp-content\\\/uploads\\\/dummy-quadrat.png\",\"width\":800,\"height\":800},{\"@type\":\"BreadcrumbList\",\"@id\":\"https:\\\/\\\/metrecubic.com\\\/fr\\\/service-complementaire\\\/ascenseur\\\/#breadcrumb\",\"itemListElement\":[{\"@type\":\"ListItem\",\"position\":1,\"name\":\"Portada\",\"item\":\"https:\\\/\\\/metrecubic.com\\\/fr\\\/\"},{\"@type\":\"ListItem\",\"position\":2,\"name\":\"Ascenseur\"}]},{\"@type\":\"WebSite\",\"@id\":\"https:\\\/\\\/metrecubic.com\\\/fr\\\/#website\",\"url\":\"https:\\\/\\\/metrecubic.com\\\/fr\\\/\",\"name\":\"METRECUBIC\",\"description\":\"Mudanzas y trasteros Sabadell y Girona\",\"publisher\":{\"@id\":\"https:\\\/\\\/metrecubic.com\\\/fr\\\/#organization\"},\"potentialAction\":[{\"@type\":\"SearchAction\",\"target\":{\"@type\":\"EntryPoint\",\"urlTemplate\":\"https:\\\/\\\/metrecubic.com\\\/fr\\\/?s={search_term_string}\"},\"query-input\":{\"@type\":\"PropertyValueSpecification\",\"valueRequired\":true,\"valueName\":\"search_term_string\"}}],\"inLanguage\":\"fr-FR\"},{\"@type\":\"Organization\",\"@id\":\"https:\\\/\\\/metrecubic.com\\\/fr\\\/#organization\",\"name\":\"METRECUBIC\",\"url\":\"https:\\\/\\\/metrecubic.com\\\/fr\\\/\",\"logo\":{\"@type\":\"ImageObject\",\"inLanguage\":\"fr-FR\",\"@id\":\"https:\\\/\\\/metrecubic.com\\\/fr\\\/#\\\/schema\\\/logo\\\/image\\\/\",\"url\":\"https:\\\/\\\/metrecubic.com\\\/wp-content\\\/uploads\\\/logo-metrecubic.png\",\"contentUrl\":\"https:\\\/\\\/metrecubic.com\\\/wp-content\\\/uploads\\\/logo-metrecubic.png\",\"width\":159,\"height\":159,\"caption\":\"METRECUBIC\"},\"image\":{\"@id\":\"https:\\\/\\\/metrecubic.com\\\/fr\\\/#\\\/schema\\\/logo\\\/image\\\/\"}}]}<\/script>\n<!-- \/ Yoast SEO plugin. -->","yoast_head_json":{"title":"Ascenseur - METRECUBIC","robots":{"index":"index","follow":"follow","max-snippet":"max-snippet:-1","max-image-preview":"max-image-preview:large","max-video-preview":"max-video-preview:-1"},"canonical":"https:\/\/metrecubic.com\/fr\/service-complementaire\/ascenseur\/","og_locale":"fr_FR","og_type":"article","og_title":"Ascenseur - METRECUBIC","og_description":"Service de monte-meubles jusqu'au 8\u00e8me \u00e9tage pour travailler rapidement et en toute s\u00e9curit\u00e9 pour vos biens et nos op\u00e9rateurs. Avec des v\u00e9hicules de 10, 20 et 50 m3","og_url":"https:\/\/metrecubic.com\/fr\/service-complementaire\/ascenseur\/","og_site_name":"METRECUBIC","article_modified_time":"2024-07-17T15:03:11+00:00","og_image":[{"width":800,"height":800,"url":"https:\/\/metrecubic.com\/wp-content\/uploads\/dummy-quadrat.png","type":"image\/png"}],"twitter_card":"summary_large_image","twitter_misc":{"Dur\u00e9e de lecture estim\u00e9e":"1 minute"},"schema":{"@context":"https:\/\/schema.org","@graph":[{"@type":"WebPage","@id":"https:\/\/metrecubic.com\/fr\/service-complementaire\/ascenseur\/","url":"https:\/\/metrecubic.com\/fr\/service-complementaire\/ascenseur\/","name":"Ascenseur - METRECUBIC","isPartOf":{"@id":"https:\/\/metrecubic.com\/fr\/#website"},"primaryImageOfPage":{"@id":"https:\/\/metrecubic.com\/fr\/service-complementaire\/ascenseur\/#primaryimage"},"image":{"@id":"https:\/\/metrecubic.com\/fr\/service-complementaire\/ascenseur\/#primaryimage"},"thumbnailUrl":"https:\/\/metrecubic.com\/wp-content\/uploads\/dummy-quadrat.png","datePublished":"2024-07-11T10:47:07+00:00","dateModified":"2024-07-17T15:03:11+00:00","breadcrumb":{"@id":"https:\/\/metrecubic.com\/fr\/service-complementaire\/ascenseur\/#breadcrumb"},"inLanguage":"fr-FR","potentialAction":[{"@type":"ReadAction","target":["https:\/\/metrecubic.com\/fr\/service-complementaire\/ascenseur\/"]}]},{"@type":"ImageObject","inLanguage":"fr-FR","@id":"https:\/\/metrecubic.com\/fr\/service-complementaire\/ascenseur\/#primaryimage","url":"https:\/\/metrecubic.com\/wp-content\/uploads\/dummy-quadrat.png","contentUrl":"https:\/\/metrecubic.com\/wp-content\/uploads\/dummy-quadrat.png","width":800,"height":800},{"@type":"BreadcrumbList","@id":"https:\/\/metrecubic.com\/fr\/service-complementaire\/ascenseur\/#breadcrumb","itemListElement":[{"@type":"ListItem","position":1,"name":"Portada","item":"https:\/\/metrecubic.com\/fr\/"},{"@type":"ListItem","position":2,"name":"Ascenseur"}]},{"@type":"WebSite","@id":"https:\/\/metrecubic.com\/fr\/#website","url":"https:\/\/metrecubic.com\/fr\/","name":"METRECUBIC","description":"Mudanzas y trasteros Sabadell y Girona","publisher":{"@id":"https:\/\/metrecubic.com\/fr\/#organization"},"potentialAction":[{"@type":"SearchAction","target":{"@type":"EntryPoint","urlTemplate":"https:\/\/metrecubic.com\/fr\/?s={search_term_string}"},"query-input":{"@type":"PropertyValueSpecification","valueRequired":true,"valueName":"search_term_string"}}],"inLanguage":"fr-FR"},{"@type":"Organization","@id":"https:\/\/metrecubic.com\/fr\/#organization","name":"METRECUBIC","url":"https:\/\/metrecubic.com\/fr\/","logo":{"@type":"ImageObject","inLanguage":"fr-FR","@id":"https:\/\/metrecubic.com\/fr\/#\/schema\/logo\/image\/","url":"https:\/\/metrecubic.com\/wp-content\/uploads\/logo-metrecubic.png","contentUrl":"https:\/\/metrecubic.com\/wp-content\/uploads\/logo-metrecubic.png","width":159,"height":159,"caption":"METRECUBIC"},"image":{"@id":"https:\/\/metrecubic.com\/fr\/#\/schema\/logo\/image\/"}}]}},"_links":{"self":[{"href":"https:\/\/metrecubic.com\/fr\/wp-json\/wp\/v2\/complement_service\/2301","targetHints":{"allow":["GET"]}}],"collection":[{"href":"https:\/\/metrecubic.com\/fr\/wp-json\/wp\/v2\/complement_service"}],"about":[{"href":"https:\/\/metrecubic.com\/fr\/wp-json\/wp\/v2\/types\/complement_service"}],"version-history":[{"count":0,"href":"https:\/\/metrecubic.com\/fr\/wp-json\/wp\/v2\/complement_service\/2301\/revisions"}],"wp:featuredmedia":[{"embeddable":true,"href":"https:\/\/metrecubic.com\/fr\/wp-json\/wp\/v2\/media\/1476"}],"wp:attachment":[{"href":"https:\/\/metrecubic.com\/fr\/wp-json\/wp\/v2\/media?parent=2301"}],"curies":[{"name":"wp","href":"https:\/\/api.w.org\/{rel}","templated":true}]}}

<p>Service de monte-meubles jusqu&rsquo;au 8ème étage pour travailler rapidement et en toute sécurité pour vos biens et nos opérateurs. Avec des véhicules de 10, 20 et 50 m3</p>

<!-- This site is optimized with the Yoast SEO plugin v27.4 - https://yoast.com/product/yoast-seo-wordpress/ -->
<title>Ascenseur - METRECUBIC</title>
<meta name="robots" content="index, follow, max-snippet:-1, max-image-preview:large, max-video-preview:-1" />
<link rel="canonical" href="https://metrecubic.com/fr/service-complementaire/ascenseur/" />
<meta property="og:locale" content="fr_FR" />
<meta property="og:type" content="article" />
<meta property="og:title" content="Ascenseur - METRECUBIC" />
<meta property="og:description" content="Service de monte-meubles jusqu&#039;au 8ème étage pour travailler rapidement et en toute sécurité pour vos biens et nos opérateurs. Avec des véhicules de 10, 20 et 50 m3" />
<meta property="og:url" content="https://metrecubic.com/fr/service-complementaire/ascenseur/" />
<meta property="og:site_name" content="METRECUBIC" />
<meta property="article:modified_time" content="2024-07-17T15:03:11+00:00" />
<meta property="og:image" content="https://metrecubic.com/wp-content/uploads/dummy-quadrat.png" />
	<meta property="og:image:width" content="800" />
	<meta property="og:image:height" content="800" />
	<meta property="og:image:type" content="image/png" />
<meta name="twitter:card" content="summary_large_image" />
<meta name="twitter:label1" content="Durée de lecture estimée" />
	<meta name="twitter:data1" content="1 minute" />
<script type="application/ld+json" class="yoast-schema-graph">{"@context":"https:\/\/schema.org","@graph":[{"@type":"WebPage","@id":"https:\/\/metrecubic.com\/fr\/service-complementaire\/ascenseur\/","url":"https:\/\/metrecubic.com\/fr\/service-complementaire\/ascenseur\/","name":"Ascenseur - METRECUBIC","isPartOf":{"@id":"https:\/\/metrecubic.com\/fr\/#website"},"primaryImageOfPage":{"@id":"https:\/\/metrecubic.com\/fr\/service-complementaire\/ascenseur\/#primaryimage"},"image":{"@id":"https:\/\/metrecubic.com\/fr\/service-complementaire\/ascenseur\/#primaryimage"},"thumbnailUrl":"https:\/\/metrecubic.com\/wp-content\/uploads\/dummy-quadrat.png","datePublished":"2024-07-11T10:47:07+00:00","dateModified":"2024-07-17T15:03:11+00:00","breadcrumb":{"@id":"https:\/\/metrecubic.com\/fr\/service-complementaire\/ascenseur\/#breadcrumb"},"inLanguage":"fr-FR","potentialAction":[{"@type":"ReadAction","target":["https:\/\/metrecubic.com\/fr\/service-complementaire\/ascenseur\/"]}]},{"@type":"ImageObject","inLanguage":"fr-FR","@id":"https:\/\/metrecubic.com\/fr\/service-complementaire\/ascenseur\/#primaryimage","url":"https:\/\/metrecubic.com\/wp-content\/uploads\/dummy-quadrat.png","contentUrl":"https:\/\/metrecubic.com\/wp-content\/uploads\/dummy-quadrat.png","width":800,"height":800},{"@type":"BreadcrumbList","@id":"https:\/\/metrecubic.com\/fr\/service-complementaire\/ascenseur\/#breadcrumb","itemListElement":[{"@type":"ListItem","position":1,"name":"Portada","item":"https:\/\/metrecubic.com\/fr\/"},{"@type":"ListItem","position":2,"name":"Ascenseur"}]},{"@type":"WebSite","@id":"https:\/\/metrecubic.com\/fr\/#website","url":"https:\/\/metrecubic.com\/fr\/","name":"METRECUBIC","description":"Mudanzas y trasteros Sabadell y Girona","publisher":{"@id":"https:\/\/metrecubic.com\/fr\/#organization"},"potentialAction":[{"@type":"SearchAction","target":{"@type":"EntryPoint","urlTemplate":"https:\/\/metrecubic.com\/fr\/?s={search_term_string}"},"query-input":{"@type":"PropertyValueSpecification","valueRequired":true,"valueName":"search_term_string"}}],"inLanguage":"fr-FR"},{"@type":"Organization","@id":"https:\/\/metrecubic.com\/fr\/#organization","name":"METRECUBIC","url":"https:\/\/metrecubic.com\/fr\/","logo":{"@type":"ImageObject","inLanguage":"fr-FR","@id":"https:\/\/metrecubic.com\/fr\/#\/schema\/logo\/image\/","url":"https:\/\/metrecubic.com\/wp-content\/uploads\/logo-metrecubic.png","contentUrl":"https:\/\/metrecubic.com\/wp-content\/uploads\/logo-metrecubic.png","width":159,"height":159,"caption":"METRECUBIC"},"image":{"@id":"https:\/\/metrecubic.com\/fr\/#\/schema\/logo\/image\/"}}]}</script>
<!-- / Yoast SEO plugin. -->

Service de monte-meubles jusqu'au 8ème étage pour travailler rapidement et en toute sécurité pour vos biens et nos opérateurs. Avec des véhicules de 10, 20 et 50 m3
