{"id":1826,"date":"2023-12-18T15:32:52","date_gmt":"2023-12-18T15:32:52","guid":{"rendered":"https:\/\/metrecubic.com\/avis-legal\/"},"modified":"2024-07-23T07:16:06","modified_gmt":"2024-07-23T07:16:06","slug":"avis-legal","status":"publish","type":"page","link":"https:\/\/metrecubic.com\/ca\/avis-legal\/","title":{"rendered":"Av\u00eds legal"},"content":{"rendered":"<p>Aquest portal <a href=\"https:\/\/metrecubic.com\/fr\" target=\"_blank\" rel=\"noopener noreferrer\" data-saferedirecturl=\"https:\/\/www.google.com\/url?hl=es&amp;q=https:\/\/metrecubic.com&amp;source=gmail&amp;ust=1526056484200000&amp;usg=AFQjCNG6hw-YLTGk0yDxEzYXPJCQbs9OOQ\">www.metrecubic.com<\/a> , que inclou la botiga on line, \u00e9s titularitat de <strong>SELF STORAGE METRECUBIC 2006 SL<\/strong> qui posa a disposici\u00f3 dels usuaris, persones f\u00edsiques i jur\u00eddiques, d&#8217;Internet amb la finalitat de, entre d&#8217;altres, proporcionar i permetre informaci\u00f3, consultes i atenci\u00f3 sobre els productes, serveis, i ofertes de <strong>SELF STORAGE METRECUBIC<\/strong> . <\/p>\n<ul>\n<li>Les nostres dades s\u00f3n les seg\u00fcents:<\/li>\n<li>SELF STORAGE METRECUBIC 2006 SL<\/li>\n<li>Carrer Ind\u00fastria 10. Girona 17005<\/li>\n<li>CIF B17887027<\/li>\n<li>Tel\u00e8fon: 937 269 264 i 972 405 969, de dilluns a divendres, ambd\u00f3s inclosos, de 9.00 a 19.00, excepte festius nacionals i locals.<\/li>\n<\/ul>\n<p> El present portal <a href=\"https:\/\/metrecubic.com\/\">www.metrecubic.com<\/a> , la contractaci\u00f3 del Servei d&#8217;emmagatzematge (trasters) i del Servei de mudances gestionats des del nostre centre de Sabadell, \u00e9s titularitat de <strong>PORTALMAR 2006 SL<\/strong> qui posa a disposici\u00f3 dels usuaris, persones f\u00edsiques i jur\u00eddiques , d&#8217;Internet per tal de, entre d&#8217;altres, proporcionar i permetre informaci\u00f3, consultes i atenci\u00f3 sobre els productes, serveis i ofertes de <strong>PORTALMAR 2006 SL<\/strong> Les nostres dades s\u00f3n les seg\u00fcents: <\/p>\n<ul>\n<li>PORTALMAR 2006 SL<\/li>\n<li>Carrer Rocafort 39 de Sabadell 08205<\/li>\n<li>CIF B64098106<\/li>\n<li>Tel\u00e8fon: 937 269 264, de dilluns a divendres, ambd\u00f3s inclosos, de 9.00 a 19.00, excepte festius nacionals i locals.<\/li>\n<\/ul>\n","protected":false},"excerpt":{"rendered":"<p>Aquest portal www.metrecubic.com , que inclou la botiga on line, \u00e9s titularitat de SELF STORAGE METRECUBIC 2006 SL qui posa a disposici\u00f3 dels usuaris, persones f\u00edsiques i jur\u00eddiques, d&#8217;Internet amb &hellip;<\/p>\n","protected":false},"author":1,"featured_media":0,"parent":0,"menu_order":0,"comment_status":"closed","ping_status":"closed","template":"page-templates\/page-basic-page.php","meta":{"_acf_changed":false,"footnotes":""},"class_list":["post-1826","page","type-page","status-publish","hentry"],"acf":[],"yoast_head":"<!-- This site is optimized with the Yoast SEO plugin v27.4 - https:\/\/yoast.com\/product\/yoast-seo-wordpress\/ -->\n<title>Av\u00eds legal - METRECUBIC<\/title>\n<meta name=\"description\" content=\"Aquest portal www.metrecubic.com , que inclou la botiga on line, \u00e9s titularitat de SELF STORAGE METRECUBIC 2006 SL qui posa a disposici\u00f3 dels usuaris,\" \/>\n<meta name=\"robots\" content=\"index, follow, max-snippet:-1, max-image-preview:large, max-video-preview:-1\" \/>\n<link rel=\"canonical\" href=\"https:\/\/metrecubic.com\/ca\/avis-legal\/\" \/>\n<meta property=\"og:locale\" content=\"ca_ES\" \/>\n<meta property=\"og:type\" content=\"article\" \/>\n<meta property=\"og:title\" content=\"Av\u00eds legal - METRECUBIC\" \/>\n<meta property=\"og:description\" content=\"Aquest portal www.metrecubic.com , que inclou la botiga on line, \u00e9s titularitat de SELF STORAGE METRECUBIC 2006 SL qui posa a disposici\u00f3 dels usuaris,\" \/>\n<meta property=\"og:url\" content=\"https:\/\/metrecubic.com\/ca\/avis-legal\/\" \/>\n<meta property=\"og:site_name\" content=\"METRECUBIC\" \/>\n<meta property=\"article:modified_time\" content=\"2024-07-23T07:16:06+00:00\" \/>\n<meta name=\"twitter:card\" content=\"summary_large_image\" \/>\n<meta name=\"twitter:label1\" content=\"Temps estimat de lectura\" \/>\n\t<meta name=\"twitter:data1\" content=\"1 minut\" \/>\n<script type=\"application\/ld+json\" class=\"yoast-schema-graph\">{\"@context\":\"https:\\\/\\\/schema.org\",\"@graph\":[{\"@type\":\"WebPage\",\"@id\":\"https:\\\/\\\/metrecubic.com\\\/ca\\\/avis-legal\\\/\",\"url\":\"https:\\\/\\\/metrecubic.com\\\/ca\\\/avis-legal\\\/\",\"name\":\"Av\u00eds legal - METRECUBIC\",\"isPartOf\":{\"@id\":\"https:\\\/\\\/metrecubic.com\\\/ca\\\/#website\"},\"datePublished\":\"2023-12-18T15:32:52+00:00\",\"dateModified\":\"2024-07-23T07:16:06+00:00\",\"description\":\"Aquest portal www.metrecubic.com , que inclou la botiga on line, \u00e9s titularitat de SELF STORAGE METRECUBIC 2006 SL qui posa a disposici\u00f3 dels usuaris,\",\"breadcrumb\":{\"@id\":\"https:\\\/\\\/metrecubic.com\\\/ca\\\/avis-legal\\\/#breadcrumb\"},\"inLanguage\":\"ca\",\"potentialAction\":[{\"@type\":\"ReadAction\",\"target\":[\"https:\\\/\\\/metrecubic.com\\\/ca\\\/avis-legal\\\/\"]}]},{\"@type\":\"BreadcrumbList\",\"@id\":\"https:\\\/\\\/metrecubic.com\\\/ca\\\/avis-legal\\\/#breadcrumb\",\"itemListElement\":[{\"@type\":\"ListItem\",\"position\":1,\"name\":\"Portada\",\"item\":\"https:\\\/\\\/metrecubic.com\\\/ca\\\/\"},{\"@type\":\"ListItem\",\"position\":2,\"name\":\"Av\u00eds legal\"}]},{\"@type\":\"WebSite\",\"@id\":\"https:\\\/\\\/metrecubic.com\\\/ca\\\/#website\",\"url\":\"https:\\\/\\\/metrecubic.com\\\/ca\\\/\",\"name\":\"METRECUBIC\",\"description\":\"Mudanzas y trasteros Sabadell y Girona\",\"publisher\":{\"@id\":\"https:\\\/\\\/metrecubic.com\\\/ca\\\/#organization\"},\"potentialAction\":[{\"@type\":\"SearchAction\",\"target\":{\"@type\":\"EntryPoint\",\"urlTemplate\":\"https:\\\/\\\/metrecubic.com\\\/ca\\\/?s={search_term_string}\"},\"query-input\":{\"@type\":\"PropertyValueSpecification\",\"valueRequired\":true,\"valueName\":\"search_term_string\"}}],\"inLanguage\":\"ca\"},{\"@type\":\"Organization\",\"@id\":\"https:\\\/\\\/metrecubic.com\\\/ca\\\/#organization\",\"name\":\"METRECUBIC\",\"url\":\"https:\\\/\\\/metrecubic.com\\\/ca\\\/\",\"logo\":{\"@type\":\"ImageObject\",\"inLanguage\":\"ca\",\"@id\":\"https:\\\/\\\/metrecubic.com\\\/ca\\\/#\\\/schema\\\/logo\\\/image\\\/\",\"url\":\"https:\\\/\\\/metrecubic.com\\\/wp-content\\\/uploads\\\/logo-metrecubic.png\",\"contentUrl\":\"https:\\\/\\\/metrecubic.com\\\/wp-content\\\/uploads\\\/logo-metrecubic.png\",\"width\":159,\"height\":159,\"caption\":\"METRECUBIC\"},\"image\":{\"@id\":\"https:\\\/\\\/metrecubic.com\\\/ca\\\/#\\\/schema\\\/logo\\\/image\\\/\"}}]}<\/script>\n<!-- \/ Yoast SEO plugin. -->","yoast_head_json":{"title":"Av\u00eds legal - METRECUBIC","description":"Aquest portal www.metrecubic.com , que inclou la botiga on line, \u00e9s titularitat de SELF STORAGE METRECUBIC 2006 SL qui posa a disposici\u00f3 dels usuaris,","robots":{"index":"index","follow":"follow","max-snippet":"max-snippet:-1","max-image-preview":"max-image-preview:large","max-video-preview":"max-video-preview:-1"},"canonical":"https:\/\/metrecubic.com\/ca\/avis-legal\/","og_locale":"ca_ES","og_type":"article","og_title":"Av\u00eds legal - METRECUBIC","og_description":"Aquest portal www.metrecubic.com , que inclou la botiga on line, \u00e9s titularitat de SELF STORAGE METRECUBIC 2006 SL qui posa a disposici\u00f3 dels usuaris,","og_url":"https:\/\/metrecubic.com\/ca\/avis-legal\/","og_site_name":"METRECUBIC","article_modified_time":"2024-07-23T07:16:06+00:00","twitter_card":"summary_large_image","twitter_misc":{"Temps estimat de lectura":"1 minut"},"schema":{"@context":"https:\/\/schema.org","@graph":[{"@type":"WebPage","@id":"https:\/\/metrecubic.com\/ca\/avis-legal\/","url":"https:\/\/metrecubic.com\/ca\/avis-legal\/","name":"Av\u00eds legal - METRECUBIC","isPartOf":{"@id":"https:\/\/metrecubic.com\/ca\/#website"},"datePublished":"2023-12-18T15:32:52+00:00","dateModified":"2024-07-23T07:16:06+00:00","description":"Aquest portal www.metrecubic.com , que inclou la botiga on line, \u00e9s titularitat de SELF STORAGE METRECUBIC 2006 SL qui posa a disposici\u00f3 dels usuaris,","breadcrumb":{"@id":"https:\/\/metrecubic.com\/ca\/avis-legal\/#breadcrumb"},"inLanguage":"ca","potentialAction":[{"@type":"ReadAction","target":["https:\/\/metrecubic.com\/ca\/avis-legal\/"]}]},{"@type":"BreadcrumbList","@id":"https:\/\/metrecubic.com\/ca\/avis-legal\/#breadcrumb","itemListElement":[{"@type":"ListItem","position":1,"name":"Portada","item":"https:\/\/metrecubic.com\/ca\/"},{"@type":"ListItem","position":2,"name":"Av\u00eds legal"}]},{"@type":"WebSite","@id":"https:\/\/metrecubic.com\/ca\/#website","url":"https:\/\/metrecubic.com\/ca\/","name":"METRECUBIC","description":"Mudanzas y trasteros Sabadell y Girona","publisher":{"@id":"https:\/\/metrecubic.com\/ca\/#organization"},"potentialAction":[{"@type":"SearchAction","target":{"@type":"EntryPoint","urlTemplate":"https:\/\/metrecubic.com\/ca\/?s={search_term_string}"},"query-input":{"@type":"PropertyValueSpecification","valueRequired":true,"valueName":"search_term_string"}}],"inLanguage":"ca"},{"@type":"Organization","@id":"https:\/\/metrecubic.com\/ca\/#organization","name":"METRECUBIC","url":"https:\/\/metrecubic.com\/ca\/","logo":{"@type":"ImageObject","inLanguage":"ca","@id":"https:\/\/metrecubic.com\/ca\/#\/schema\/logo\/image\/","url":"https:\/\/metrecubic.com\/wp-content\/uploads\/logo-metrecubic.png","contentUrl":"https:\/\/metrecubic.com\/wp-content\/uploads\/logo-metrecubic.png","width":159,"height":159,"caption":"METRECUBIC"},"image":{"@id":"https:\/\/metrecubic.com\/ca\/#\/schema\/logo\/image\/"}}]}},"_links":{"self":[{"href":"https:\/\/metrecubic.com\/ca\/wp-json\/wp\/v2\/pages\/1826","targetHints":{"allow":["GET"]}}],"collection":[{"href":"https:\/\/metrecubic.com\/ca\/wp-json\/wp\/v2\/pages"}],"about":[{"href":"https:\/\/metrecubic.com\/ca\/wp-json\/wp\/v2\/types\/page"}],"author":[{"embeddable":true,"href":"https:\/\/metrecubic.com\/ca\/wp-json\/wp\/v2\/users\/1"}],"replies":[{"embeddable":true,"href":"https:\/\/metrecubic.com\/ca\/wp-json\/wp\/v2\/comments?post=1826"}],"version-history":[{"count":0,"href":"https:\/\/metrecubic.com\/ca\/wp-json\/wp\/v2\/pages\/1826\/revisions"}],"wp:attachment":[{"href":"https:\/\/metrecubic.com\/ca\/wp-json\/wp\/v2\/media?parent=1826"}],"curies":[{"name":"wp","href":"https:\/\/api.w.org\/{rel}","templated":true}]}}

Avís legal

<p>Aquest portal <a href="https://metrecubic.com/fr" target="_blank" rel="noopener noreferrer" data-saferedirecturl="https://www.google.com/url?hl=es&amp;q=https://metrecubic.com&amp;source=gmail&amp;ust=1526056484200000&amp;usg=AFQjCNG6hw-YLTGk0yDxEzYXPJCQbs9OOQ">www.metrecubic.com</a> , que inclou la botiga on line, és titularitat de <strong>SELF STORAGE METRECUBIC 2006 SL</strong> qui posa a disposició dels usuaris, persones físiques i jurídiques, d&#8217;Internet amb la finalitat de, entre d&#8217;altres, proporcionar i permetre informació, consultes i atenció sobre els productes, serveis, i ofertes de <strong>SELF STORAGE METRECUBIC</strong> . </p>
<ul>
<li>Les nostres dades són les següents:</li>
<li>SELF STORAGE METRECUBIC 2006 SL</li>
<li>Carrer Indústria 10. Girona 17005</li>
<li>CIF B17887027</li>
<li>Telèfon: 937 269 264 i 972 405 969, de dilluns a divendres, ambdós inclosos, de 9.00 a 19.00, excepte festius nacionals i locals.</li>
</ul>
<p> El present portal <a href="https://metrecubic.com/">www.metrecubic.com</a> , la contractació del Servei d&#8217;emmagatzematge (trasters) i del Servei de mudances gestionats des del nostre centre de Sabadell, és titularitat de <strong>PORTALMAR 2006 SL</strong> qui posa a disposició dels usuaris, persones físiques i jurídiques , d&#8217;Internet per tal de, entre d&#8217;altres, proporcionar i permetre informació, consultes i atenció sobre els productes, serveis i ofertes de <strong>PORTALMAR 2006 SL</strong> Les nostres dades són les següents: </p>
<ul>
<li>PORTALMAR 2006 SL</li>
<li>Carrer Rocafort 39 de Sabadell 08205</li>
<li>CIF B64098106</li>
<li>Telèfon: 937 269 264, de dilluns a divendres, ambdós inclosos, de 9.00 a 19.00, excepte festius nacionals i locals.</li>
</ul>

<p>Aquest portal www.metrecubic.com , que inclou la botiga on line, és titularitat de SELF STORAGE METRECUBIC 2006 SL qui posa a disposició dels usuaris, persones físiques i jurídiques, d&#8217;Internet amb &hellip;</p>

<!-- This site is optimized with the Yoast SEO plugin v27.4 - https://yoast.com/product/yoast-seo-wordpress/ -->
<title>Avís legal - METRECUBIC</title>
<meta name="description" content="Aquest portal www.metrecubic.com , que inclou la botiga on line, és titularitat de SELF STORAGE METRECUBIC 2006 SL qui posa a disposició dels usuaris," />
<meta name="robots" content="index, follow, max-snippet:-1, max-image-preview:large, max-video-preview:-1" />
<link rel="canonical" href="https://metrecubic.com/ca/avis-legal/" />
<meta property="og:locale" content="ca_ES" />
<meta property="og:type" content="article" />
<meta property="og:title" content="Avís legal - METRECUBIC" />
<meta property="og:description" content="Aquest portal www.metrecubic.com , que inclou la botiga on line, és titularitat de SELF STORAGE METRECUBIC 2006 SL qui posa a disposició dels usuaris," />
<meta property="og:url" content="https://metrecubic.com/ca/avis-legal/" />
<meta property="og:site_name" content="METRECUBIC" />
<meta property="article:modified_time" content="2024-07-23T07:16:06+00:00" />
<meta name="twitter:card" content="summary_large_image" />
<meta name="twitter:label1" content="Temps estimat de lectura" />
	<meta name="twitter:data1" content="1 minut" />
<script type="application/ld+json" class="yoast-schema-graph">{"@context":"https:\/\/schema.org","@graph":[{"@type":"WebPage","@id":"https:\/\/metrecubic.com\/ca\/avis-legal\/","url":"https:\/\/metrecubic.com\/ca\/avis-legal\/","name":"Avís legal - METRECUBIC","isPartOf":{"@id":"https:\/\/metrecubic.com\/ca\/#website"},"datePublished":"2023-12-18T15:32:52+00:00","dateModified":"2024-07-23T07:16:06+00:00","description":"Aquest portal www.metrecubic.com , que inclou la botiga on line, és titularitat de SELF STORAGE METRECUBIC 2006 SL qui posa a disposició dels usuaris,","breadcrumb":{"@id":"https:\/\/metrecubic.com\/ca\/avis-legal\/#breadcrumb"},"inLanguage":"ca","potentialAction":[{"@type":"ReadAction","target":["https:\/\/metrecubic.com\/ca\/avis-legal\/"]}]},{"@type":"BreadcrumbList","@id":"https:\/\/metrecubic.com\/ca\/avis-legal\/#breadcrumb","itemListElement":[{"@type":"ListItem","position":1,"name":"Portada","item":"https:\/\/metrecubic.com\/ca\/"},{"@type":"ListItem","position":2,"name":"Avís legal"}]},{"@type":"WebSite","@id":"https:\/\/metrecubic.com\/ca\/#website","url":"https:\/\/metrecubic.com\/ca\/","name":"METRECUBIC","description":"Mudanzas y trasteros Sabadell y Girona","publisher":{"@id":"https:\/\/metrecubic.com\/ca\/#organization"},"potentialAction":[{"@type":"SearchAction","target":{"@type":"EntryPoint","urlTemplate":"https:\/\/metrecubic.com\/ca\/?s={search_term_string}"},"query-input":{"@type":"PropertyValueSpecification","valueRequired":true,"valueName":"search_term_string"}}],"inLanguage":"ca"},{"@type":"Organization","@id":"https:\/\/metrecubic.com\/ca\/#organization","name":"METRECUBIC","url":"https:\/\/metrecubic.com\/ca\/","logo":{"@type":"ImageObject","inLanguage":"ca","@id":"https:\/\/metrecubic.com\/ca\/#\/schema\/logo\/image\/","url":"https:\/\/metrecubic.com\/wp-content\/uploads\/logo-metrecubic.png","contentUrl":"https:\/\/metrecubic.com\/wp-content\/uploads\/logo-metrecubic.png","width":159,"height":159,"caption":"METRECUBIC"},"image":{"@id":"https:\/\/metrecubic.com\/ca\/#\/schema\/logo\/image\/"}}]}</script>
<!-- / Yoast SEO plugin. -->

Avís legal - METRECUBIC

Aquest portal www.metrecubic.com , que inclou la botiga on line, és titularitat de SELF STORAGE METRECUBIC 2006 SL qui posa a disposició dels usuaris,
